{"id":292,"date":"2011-06-29T08:22:58","date_gmt":"2011-06-29T07:22:58","guid":{"rendered":"https:\/\/usa.klarup.dk\/?page_id=292"},"modified":"2011-06-29T09:08:44","modified_gmt":"2011-06-29T08:08:44","slug":"dag-14-286-11","status":"publish","type":"page","link":"https:\/\/usa.klarup.dk\/?page_id=292","title":{"rendered":"Dag 14 &#8211; 28\/6-11"},"content":{"rendered":"<p><a href=\"https:\/\/usa.klarup.dk\/wp-content\/uploads\/2011\/06\/P1070065.jpg\"><img loading=\"lazy\" decoding=\"async\" class=\"alignleft size-medium wp-image-314\" title=\"P1070065\" src=\"https:\/\/usa.klarup.dk\/wp-content\/uploads\/2011\/06\/P1070065-300x225.jpg\" alt=\"\" width=\"300\" height=\"225\" srcset=\"https:\/\/usa.klarup.dk\/wp-content\/uploads\/2011\/06\/P1070065-300x225.jpg 300w, https:\/\/usa.klarup.dk\/wp-content\/uploads\/2011\/06\/P1070065-1024x768.jpg 1024w\" sizes=\"(max-width: 300px) 100vw, 300px\" \/><\/a>\u00c6v,\u00c6v,\u00c6v det silede ned og vejrudsigten sagde heldagsregn &#8211; i.flg. tv s\u00e5 har der ikke v\u00e6ret s\u00e5 d\u00e5rligt vejr siden 1846 (eller deromkring) &#8211; ny rekort p\u00e5 denne dag&#8230;..<br \/>\nS\u00e5 Claus startede dagen med at g\u00e5 p\u00e5 m\u00f8ntvaskeri, s\u00e5 vi kan klare os med rent t\u00f8j resten af ferien. Derefter spiste vi morgenmad og de var ikke de hurtigste knive i skuffen og heller ikke de yngste :), s\u00e5 klokken var omkring 11 inden vi kom videre med dagens program.<br \/>\nVi valgte at k\u00f8re rundt s\u00e5 var vi i det mindste i t\u00f8rvejr. Vi fik k\u00f8rt ned af Lombard Street( den med de 8 h\u00e5rn\u00e5lesving)\u00a0 Filbert Street (den stejleste) .<a href=\"https:\/\/usa.klarup.dk\/wp-content\/uploads\/2011\/06\/P1070072.jpg\"><img loading=\"lazy\" decoding=\"async\" class=\"alignright size-medium wp-image-315\" title=\"P1070072\" src=\"https:\/\/usa.klarup.dk\/wp-content\/uploads\/2011\/06\/P1070072-300x225.jpg\" alt=\"\" width=\"300\" height=\"225\" srcset=\"https:\/\/usa.klarup.dk\/wp-content\/uploads\/2011\/06\/P1070072-300x225.jpg 300w, https:\/\/usa.klarup.dk\/wp-content\/uploads\/2011\/06\/P1070072-1024x768.jpg 1024w\" sizes=\"(max-width: 300px) 100vw, 300px\" \/><\/a><\/p>\n<p>&nbsp;<\/p>\n<p>&nbsp;<\/p>\n<p>&nbsp;<\/p>\n<p>&nbsp;<\/p>\n<p>&nbsp;<\/p>\n<p>Derefter k\u00f8rte vi over Golden Gate og bagefter k\u00f8rte vi til Twin Peaks men begge steder var der s\u00e5 diset at vi intet kunne se af San Fransisco. Vi k\u00f8rte ogs\u00e5 lige forbi Swensens Icecream (ber\u00f8mt is hvor originalbutikken ligger her) hvor vi alle fik smagt den fantastiske is.<\/p>\n<p><a href=\"https:\/\/usa.klarup.dk\/wp-content\/uploads\/2011\/06\/P1070090.jpg\"><img loading=\"lazy\" decoding=\"async\" class=\"aligncenter size-medium wp-image-316\" title=\"P1070090\" src=\"https:\/\/usa.klarup.dk\/wp-content\/uploads\/2011\/06\/P1070090-300x225.jpg\" alt=\"\" width=\"300\" height=\"225\" srcset=\"https:\/\/usa.klarup.dk\/wp-content\/uploads\/2011\/06\/P1070090-300x225.jpg 300w, https:\/\/usa.klarup.dk\/wp-content\/uploads\/2011\/06\/P1070090-1024x768.jpg 1024w\" sizes=\"(max-width: 300px) 100vw, 300px\" \/><\/a><\/p>\n<p>&nbsp;<\/p>\n<p><a href=\"https:\/\/usa.klarup.dk\/wp-content\/uploads\/2011\/06\/P1070114.jpg\"><img loading=\"lazy\" decoding=\"async\" class=\"alignleft size-medium wp-image-317\" title=\"P1070114\" src=\"https:\/\/usa.klarup.dk\/wp-content\/uploads\/2011\/06\/P1070114-300x225.jpg\" alt=\"\" width=\"300\" height=\"225\" srcset=\"https:\/\/usa.klarup.dk\/wp-content\/uploads\/2011\/06\/P1070114-300x225.jpg 300w, https:\/\/usa.klarup.dk\/wp-content\/uploads\/2011\/06\/P1070114-1024x768.jpg 1024w\" sizes=\"(max-width: 300px) 100vw, 300px\" \/><\/a>Claus havde snakket meget om \u201dThe Japanese Tea Garden\u201d I Golden Gate Park, s\u00e5 den skulle vi selvf\u00f8lgelig ogs\u00e5 se. Marlene var lidt halvsyg s\u00e5 hun blev i bilen og sov. Haven var utrolig fascinerende, den er anlagt efter Japanske principper \u201dZen\u201d, og best\u00e5r af en masse bonsai tr\u00e6er, broer, rislende vand og FRED. Det var virkelig en utrolig fornemmelse at v\u00e6re i s\u00e5 stor en by, og s\u00e5 g\u00e5 s\u00e5dan et fredfyldt sted. Claus og Mads har snakket meget om at lave noget bonsai i vores egen have, s\u00e5 nu m\u00e5 vi se hvad der sker med det.<br \/>\nDerefter m\u00e5tte vi desv\u00e6rre k\u00f8re Marlene hjem p\u00e5 hotellet da hun ikke var frisk. Vi andre gik ud og fik lidt aftensmad i n\u00e6rheden.<\/p>\n","protected":false},"excerpt":{"rendered":"<p>\u00c6v,\u00c6v,\u00c6v det silede ned og vejrudsigten sagde heldagsregn &#8211; i.flg. tv s\u00e5 har der ikke v\u00e6ret s\u00e5 d\u00e5rligt vejr siden 1846 (eller deromkring) &#8211; ny rekort p\u00e5 denne dag&#8230;.. S\u00e5 Claus startede dagen med at g\u00e5 p\u00e5 m\u00f8ntvaskeri, s\u00e5 vi &hellip; <a href=\"https:\/\/usa.klarup.dk\/?page_id=292\">L\u00e6s resten <span class=\"meta-nav\">&rarr;<\/span><\/a><\/p>\n","protected":false},"author":1,"featured_media":0,"parent":213,"menu_order":3,"comment_status":"open","ping_status":"open","template":"","meta":{"footnotes":"","_links_to":"","_links_to_target":""},"_links":{"self":[{"href":"https:\/\/usa.klarup.dk\/index.php?rest_route=\/wp\/v2\/pages\/292"}],"collection":[{"href":"https:\/\/usa.klarup.dk\/index.php?rest_route=\/wp\/v2\/pages"}],"about":[{"href":"https:\/\/usa.klarup.dk\/index.php?rest_route=\/wp\/v2\/types\/page"}],"author":[{"embeddable":true,"href":"https:\/\/usa.klarup.dk\/index.php?rest_route=\/wp\/v2\/users\/1"}],"replies":[{"embeddable":true,"href":"https:\/\/usa.klarup.dk\/index.php?rest_route=%2Fwp%2Fv2%2Fcomments&post=292"}],"version-history":[{"count":7,"href":"https:\/\/usa.klarup.dk\/index.php?rest_route=\/wp\/v2\/pages\/292\/revisions"}],"predecessor-version":[{"id":319,"href":"https:\/\/usa.klarup.dk\/index.php?rest_route=\/wp\/v2\/pages\/292\/revisions\/319"}],"up":[{"embeddable":true,"href":"https:\/\/usa.klarup.dk\/index.php?rest_route=\/wp\/v2\/pages\/213"}],"wp:attachment":[{"href":"https:\/\/usa.klarup.dk\/index.php?rest_route=%2Fwp%2Fv2%2Fmedia&parent=292"}],"curies":[{"name":"wp","href":"https:\/\/api.w.org\/{rel}","templated":true}]}}

<p><a href="https://usa.klarup.dk/wp-content/uploads/2011/06/P1070065.jpg"><img loading="lazy" decoding="async" class="alignleft size-medium wp-image-314" title="P1070065" src="https://usa.klarup.dk/wp-content/uploads/2011/06/P1070065-300x225.jpg" alt="" width="300" height="225" srcset="https://usa.klarup.dk/wp-content/uploads/2011/06/P1070065-300x225.jpg 300w, https://usa.klarup.dk/wp-content/uploads/2011/06/P1070065-1024x768.jpg 1024w" sizes="(max-width: 300px) 100vw, 300px" /></a>Æv,Æv,Æv det silede ned og vejrudsigten sagde heldagsregn &#8211; i.flg. tv så har der ikke været så dårligt vejr siden 1846 (eller deromkring) &#8211; ny rekort på denne dag&#8230;..<br />
Så Claus startede dagen med at gå på møntvaskeri, så vi kan klare os med rent tøj resten af ferien. Derefter spiste vi morgenmad og de var ikke de hurtigste knive i skuffen og heller ikke de yngste :), så klokken var omkring 11 inden vi kom videre med dagens program.<br />
Vi valgte at køre rundt så var vi i det mindste i tørvejr. Vi fik kørt ned af Lombard Street( den med de 8 hårnålesving)  Filbert Street (den stejleste) .<a href="https://usa.klarup.dk/wp-content/uploads/2011/06/P1070072.jpg"><img loading="lazy" decoding="async" class="alignright size-medium wp-image-315" title="P1070072" src="https://usa.klarup.dk/wp-content/uploads/2011/06/P1070072-300x225.jpg" alt="" width="300" height="225" srcset="https://usa.klarup.dk/wp-content/uploads/2011/06/P1070072-300x225.jpg 300w, https://usa.klarup.dk/wp-content/uploads/2011/06/P1070072-1024x768.jpg 1024w" sizes="(max-width: 300px) 100vw, 300px" /></a></p>
<p>&nbsp;</p>
<p>&nbsp;</p>
<p>&nbsp;</p>
<p>&nbsp;</p>
<p>&nbsp;</p>
<p>Derefter kørte vi over Golden Gate og bagefter kørte vi til Twin Peaks men begge steder var der så diset at vi intet kunne se af San Fransisco. Vi kørte også lige forbi Swensens Icecream (berømt is hvor originalbutikken ligger her) hvor vi alle fik smagt den fantastiske is.</p>
<p><a href="https://usa.klarup.dk/wp-content/uploads/2011/06/P1070090.jpg"><img loading="lazy" decoding="async" class="aligncenter size-medium wp-image-316" title="P1070090" src="https://usa.klarup.dk/wp-content/uploads/2011/06/P1070090-300x225.jpg" alt="" width="300" height="225" srcset="https://usa.klarup.dk/wp-content/uploads/2011/06/P1070090-300x225.jpg 300w, https://usa.klarup.dk/wp-content/uploads/2011/06/P1070090-1024x768.jpg 1024w" sizes="(max-width: 300px) 100vw, 300px" /></a></p>
<p>&nbsp;</p>
<p><a href="https://usa.klarup.dk/wp-content/uploads/2011/06/P1070114.jpg"><img loading="lazy" decoding="async" class="alignleft size-medium wp-image-317" title="P1070114" src="https://usa.klarup.dk/wp-content/uploads/2011/06/P1070114-300x225.jpg" alt="" width="300" height="225" srcset="https://usa.klarup.dk/wp-content/uploads/2011/06/P1070114-300x225.jpg 300w, https://usa.klarup.dk/wp-content/uploads/2011/06/P1070114-1024x768.jpg 1024w" sizes="(max-width: 300px) 100vw, 300px" /></a>Claus havde snakket meget om ”The Japanese Tea Garden” I Golden Gate Park, så den skulle vi selvfølgelig også se. Marlene var lidt halvsyg så hun blev i bilen og sov. Haven var utrolig fascinerende, den er anlagt efter Japanske principper ”Zen”, og består af en masse bonsai træer, broer, rislende vand og FRED. Det var virkelig en utrolig fornemmelse at være i så stor en by, og så gå sådan et fredfyldt sted. Claus og Mads har snakket meget om at lave noget bonsai i vores egen have, så nu må vi se hvad der sker med det.<br />
Derefter måtte vi desværre køre Marlene hjem på hotellet da hun ikke var frisk. Vi andre gik ud og fik lidt aftensmad i nærheden.</p>

<p>Æv,Æv,Æv det silede ned og vejrudsigten sagde heldagsregn &#8211; i.flg. tv så har der ikke været så dårligt vejr siden 1846 (eller deromkring) &#8211; ny rekort på denne dag&#8230;.. Så Claus startede dagen med at gå på møntvaskeri, så vi &hellip; <a href="https://usa.klarup.dk/?page_id=292">Læs resten <span class="meta-nav">&rarr;</span></a></p>
